 of 56 and l?
14
Let w(x) = -6*x + 88. Let v be w(6). What is the greatest common factor of v and 416?
52
Let y = 8 - -1. Let u be (-15)/(5/(-9 - 6)). Calculate the highest common factor of u and y.
9
Let z be 412*(1 + (-4)/8). Suppose 4*k = -2*q + z, -3*q = -2*k - q + 94. Suppose 0*s + 4*s - 40 = 0. What is the highest common factor of s and k?
10
Let x = -112 + 343. Calculate the greatest common factor of 11 and x.
11
Let o(k) = -k**3 + 4*k**2 + 3*k - 7. Let h(c) = -c**3 + 21*c**2 - 36*c - 36. Let r be h(19). Let g be o(r). What is the highest common divisor of 56 and g?
7
Let a be (-4)/(-2) + 0/2. What is the greatest common divisor of a and 1?
1
Let r be ((-6)/2)/((-2)/14). Let o be ((-44)/10)/(8/(-20)). Suppose 5*b - 10*b + 47 = -4*h, 2*b - o = -h. Calculate the greatest common factor of r and b.
7
Let l = -1989 - -2686. What is the greatest common divisor of 17 and l?
17
Let q be 7 + -5 - (-15 + -231). What is the greatest common factor of q and 8?
8
Let y(i) = 8*i**2 - 3*i + 16. Let s be y(2). Calculate the greatest common factor of s and 224.
14
Let t = -1417 - -1432. Calculate the greatest common divisor of t and 250.
5
Let y(t) = -t**2 + 12*t + 17. Let z be y(11). What is the greatest common factor of z and 16?
4
Let y be 5 - 0 - 18/(-63)*-14. What is the highest common divisor of 51 and y?
1
Let o = 819 + -811. What is the highest common factor of 200 and o?
8
Let y be (-2)/((4/(-6))/2) - -2. Calculate the greatest common factor of 1048 and y.
8
Let x(u) = -u**3 + 17*u**2 + 3. Let q = -105 + 122. Let s be x(q). Calculate the highest common divisor of s and 24.
3
Let h be (-57)/12 + 5 - 19/(-4). Suppose -h*f + 8 = 5*v + 3, -2*v = -f - 2. Calculate the highest common divisor of 3 and v.
1
Suppose 2*z = -4*x - 0*z + 8, 3*z = 5*x - 32. Suppose -x*s + 61 = -15. Let h = -14 + s. What is the highest common divisor of 35 and h?
5
Let c(w) = w**3 - 9*w**2 - 8*w - 11. Let a be c(10). Let j be 182/4 + 6/(-12). Calculate the greatest common divisor of j and a.
9
Let s = 7 + 1. Suppose 0 = -9*h + s*h + 3. Let l be 15 + ((-3)/h - -2). Calculate the greatest common factor of l and 4.
4
Let i be (-100)/8 + (-10)/4. Let t = 48 - i. What is the highest common divisor of 42 and t?
21
Let m(x) = x**2 - 24*x - 53. Let s be m(26). Let a = s + 111. Calculate the highest common factor of 10 and a.
10
Suppose 6*i = 4*i + 24. Let j(c) = 8*c + 14. Let s be j(i). What is the greatest common factor of s and 10?
10
Let i be 313 - 5/2*258/215. What is the greatest common divisor of 124 and i?
62
Suppose -21 + 1 = 5*t, 2*y - 2*t = 14. Suppose -5*d + y*c - c = -135, -3*c = -d + 40. Calculate the greatest common factor of 75 and d.
25
Let j be ((-10)/(-2))/((-2)/(-4)). Suppose 0 = -2*f + 6*f - 32. Suppose 14 + f = 11*o. What is the highest common factor of j and o?
2
Suppose -8*h - 9*h + 2091 = 0. Calculate the greatest common factor of h and 3.
3
Let p = 286 - 283. Calculate the highest common divisor of 5 and p.
1
Let w be ((-24)/2)/((-1)/6). Suppose -5*c + 22 = -2*f - 12, -5*c + 4*f = -28. Calculate the greatest common divisor of c and w.
8
Let l = 9 + -15. Let z be (-3)/l + (-22)/(-4). Calculate the greatest common factor of 4 and z.
2
Let j be 3/((-54)/(-464)) - (-42)/189. What is the greatest common divisor of j and 13?
13
Let o = 463 + -346. What is the highest common factor of 27 and o?
9
Let o = -200 - -208. What is the greatest common divisor of o and 44?
4
Suppose -5*y + 15 = -s - 2*s, s = 3*y - 9. Suppose -v - v + y*k + 23 = 0, 0 = -v + 4*k + 19. Let x = 81 + -53. What is the highest common factor of v and x?
7
Let t be (-3)/(-5) + -2 + (-162)/(-30). Suppose -3*r - 5*z = 2*r - 10, -r + t*z + 2 = 0. Calculate the greatest common divisor of r and 8.
2
Let u = -8045 - -8129. Let i(b) = b**3 - 3*b**2 - 5*b - 4. Let z be i(5). What is the greatest common factor of u and z?
21
Suppose 0 = 3*z - 12, -3*u = -2*u - 3*z - 59. Let o = 7 + u. What is the greatest common divisor of 13 and o?
13
Let s = -28 + 20. Let n be (s*4/(-8))/2. Suppose -2 - 2 = -n*r. Calculate the highest common divisor of 3 and r.
1
Let k = -9 - -9. Suppose -h + 25 + 20 = k. Let s be (-4)/30 - (-2526)/h. What is the greatest common factor of s and 14?
14
Let j = -13 + 38. Let n be ((-23)/(-5) - 4)*j. What is the greatest common factor of n and 3?
3
Let h(z) = -z**3 - 7*z**2 - 3*z + 8. Let n be h(-8). Calculate the greatest common factor of n and 36.
12
Let l(u) = -u**3 - 4*u**2 - 8*u + 12. Let p be l(-6). Calculate the greatest common divisor of p and 44.
44
Let n(h) = 18 - 13*h + 8 + h**2 - 4. Let y be n(15). What is the highest common factor of 13 and y?
13
Let i be 10/(-45) + (-3)/(-54)*-194. Let f(k) = k**2 + 5*k + 3. Let w be f(i). Calculate the greatest common divisor of w and 92.
23
Let n be 4770/(-22) + 8/(-44). Let q = -196 - n. Suppose 5*t + 4*v - 51 = 0, -t - 2*t = 3*v - 33. Calculate the highest common divisor of t and q.
7
Let c = 47 + -43. Suppose 0 = c*z - 2*u - u - 827, u - 3 = 0. What is the highest common factor of z and 19?
19
Suppose 2*c = -4*i - i + 28, -5*i + c + 16 = 0. Suppose 246 = 2*b + i*u, 5*b + 195 - 768 = 4*u. Calculate the greatest common factor of 13 and b.
13
Let v(c) = c**3 - 6*c**2 - 2*c + 20. Let f be v(6). Suppose -4*z - 241 = -53. Let y = z - -87. Calculate the greatest common factor of y and f.
8
Let f(i) be the third derivative of 0*i + 6*i**2 + 1/12*i**4 + 0*i**3 + 0 + 1/12*i**5. Let p be f(-2). What is the greatest common divisor of p and 2?
2
Suppose -2*u - w + 110 = 0, -11*u + 7*u = -w - 214. What is the highest common factor of 243 and u?
27
Let o = -6 - -14. Suppose -17*w - 98*w = -10120. Calculate the greatest common divisor of o and w.
8
Suppose u - v = 2551, 9*u - 5*u = -3*v + 10211. Calculate the highest common factor of 88 and u.
88
Let d = -180 - -320. What is the greatest common divisor of d and 60?
20
Let i = 5 - 3. Let x(y) = 2*y**2 - 3*y - 4. Let j be x(3). Suppose 4*q - j*l = -i*l + 46, -2*l + 4 = 0. Calculate the highest common divisor of 39 and q.
13
Suppose 0 = -5*c - 2 + 22. What is the highest common factor of 108 and c?
4
Let o = -810 - -862. Calculate the highest common divisor of 650 and o.
26
Suppose 0 = -9*q + 185 + 247. Let y = -36 + q. What is the greatest common factor of y and 60?
12
Let a = -1448 - -2782. What is the greatest common divisor of 58 and a?
58
Suppose 5*j + 65 = -3*z, 2*z - z + 3 = 3*j. Let o = z - -30. Suppose 40 = 4*v + 4*p, v = -0*p + 4*p + 35. What is the highest common factor of v and o?
15
Let u be (21/(-6))/((-119)/1020). What is the highest common divisor of 960 and u?
30
Suppose 146*g = 119*g + 1728. Calculate the greatest common divisor of 416 and g.
32
Let q(j) = -6*j**3 + 25*j**2 - 21*j + 2. Let a be q(3). Calculate the highest common divisor of 72 and a.
2
Let j = -88 + 162. Let p = 89 - j. Let u(x) = x**2 + 3*x + 6. Let d be u(-4). Calculate the highest common factor of d and p.
5
Let k = -39 - -160. Let g(n) = 7*n - 4. Let a(t) = 7*t - 4. Let m(j) = -4*a(j) + 3*g(j). Let u be m(-1). What is the greatest common factor of u and k?
11
Suppose 3*b - 20 = -2*b. Suppose m + 2*m - 48 = -r, 3*m + 2*r - 51 = 0. Suppose m = 5*x, b*x + 273 = 3*u - x. Calculate the greatest common factor of 12 and u.
12
Suppose 36*t = 35*t + 3. Let y(p) = 0*p + 3*p - 4 + 2*p. Let q be y(t). Calculate the greatest common divisor of q and 11.
11
Suppose c - 12 = -4*u, -4*c + 11 = 3*u + 2. Suppose -2*p + 2*z + 35 = p, -5*p + 3*z + 58 = c. What is the highest common factor of 77 and p?
11
Let u(q) = q**2 - 3. Let f be u(-5). Suppose 2 = -v, -4*x + 2*v + 20 = -2*x. Let j be (-2)/x + 180/16. Calculate the greatest common divisor of f and j.
11
Let v(q) = 2*q**2 - 11*q + 12. Let w be v(7). Calculate the highest common divisor of 44 and w.
11
Let k = 953 - 705. Calculate the greatest common factor of 16 and k.
8
Suppose 4*g = 7*g. Let u be (g - -45)/((-3)/(-2)). Calculate the greatest common factor of u and 15.
15
Suppose -5*d + 71 = 3*g - 2*g, -9 = -d + 5*g. Let u(o) = -o**3 + 3*o**2 + 2. Let b = 8 + -5. Let w be u(b). Calculate the highest common divisor of w and d.
2
Let g = 311 - 196. Calculate the highest common divisor of 46 and g.
23
Let a = -1311 - -1320. What is the highest common divisor of 63 and a?
9
Let w = 575 -